{"id":2360,"date":"2020-11-30T15:28:31","date_gmt":"2020-11-30T14:28:31","guid":{"rendered":"http:\/\/www.stat-niger.org\/?page_id=2360"},"modified":"2024-10-11T10:56:00","modified_gmt":"2024-10-11T09:56:00","slug":"annonces-recrutements-2-2","status":"publish","type":"page","link":"https:\/\/www.stat-niger.org\/?page_id=2360","title":{"rendered":"Annonces &#038; Recrutements"},"content":{"rendered":"<p><!--\n \t\n\n\n\n\n\n\n\n\n\n\n\n\n\n<li><a href=\"https:\/\/www.stat-niger.org\/wp-content\/uploads\/annonce_recrutement\/vacataire_enstat_2020.pdf\" target=\"_blank\" rel=\"noopener noreferrer\">AVIS DE RECRUTEMENT D'ENSEIGNANTS VACATAIRES POUR L'ECOLE NATIONALE DE LA STATISTIQUE (RENTREE ACADEMIQUE 2020-2021)<\/a><\/li>\n\n\n\n\n\n\n\n\n\n\n\n\n\n\n \t\n\n\n\n\n\n\n\n\n\n\n\n\n\n<li><a href=\"https:\/\/www.stat-niger.org\/wp-content\/uploads\/annonce_recrutement\/gestionnaire_bdd.pdf\" target=\"_blank\" rel=\"noopener noreferrer\">AVIS DE RECRUTEMENT INGENIEUR INFORMATICIEN GESTIONNAIRE DE BASES DE DONNEES & INGENIEUR EN SECURITE RESEAU ET SYSTEME<\/a><\/li>\n\n\n\n\n\n\n\n\n\n\n\n\n\n\n \t\n\n\n\n\n\n\n\n\n\n\n\n\n\n<li><a href=\"https:\/\/www.stat-niger.org\/wp-content\/uploads\/annonce_recrutement\/digitalisation_cartographique.pdf\" target=\"_blank\" rel=\"noopener noreferrer\">AVIS DE RECRUTEMENT DE 3 AGENTS DE DIGITALISATION CARTOGRAPHIQUE <\/a><\/li>\n\n\n\n\n\n\n\n\n\n\n\n\n\n\n \t\n\n\n\n\n\n\n\n\n\n\n\n\n\n<li><a href=\"https:\/\/www.stat-niger.org\/wp-content\/uploads\/annonce_recrutement\/agents_securite.pdf\" target=\"_blank\" rel=\"noopener noreferrer\">AVIS DE RECRUTEMENT DE 2 AGENTS DE SECURITE <\/a><\/li>\n\n\n\n\n\n\n\n\n\n\n\n\n\n\n \t\n\n\n\n\n\n\n\n\n\n\n\n\n\n<li><a href=\"https:\/\/www.stat-niger.org\/wp-content\/uploads\/annonce_recrutement\/agent_maintenance.pdf\" target=\"_blank\" rel=\"noopener noreferrer\">AVIS DE RECRUTEMENT D'UN AGENT CHARGE DE LA MAINTENANCE DU MATERIEL DE L'IMPRIMERIE <\/a><\/li>\n\n\n\n\n\n\n\n\n\n\n\n\n\n\n \t\n\n\n\n\n\n\n\n\n\n\n\n\n\n<li><a href=\"https:\/\/www.stat-niger.org\/wp-content\/uploads\/annonce_recrutement\/RECRUTEMENT_PNIN.pdf\" target=\"_blank\" rel=\"noopener noreferrer\">AVIS DE RECRUTEMENT PNIN <\/a><\/li>\n\n\n\n\n\n\n\n\n\n\n\n\n\n\n--><\/p>\n<h2 style=\"text-align: center;\"><strong>\u00a0Recrutements<\/strong><\/h2>\n<p><!--\n\n\n\n\n\n\n\n\n\n\n\n\n\n\n<h4 style=\"text-align: center;\">Aucune annonce en cours<\/h4>\n\n\n\n\n\n\n\n\n\n\n\n\n\n\n--><\/p>\n\n\n<p>L&rsquo;Institut National de la Statistique (INS) lance un avis pour le recrutement de 11 agents pour un CDI :<br>-Un Ing\u00e9nieur Statisticien Economiste (ISE), cat\u00e9gorie A1;<br>-Un Auditeur Interne (AI), cat\u00e9gorie A2;<br>-Un jusriste, cat\u00e9gorie A2,<br>-Deux comptables, cat\u00e9gorie A2;<br>-Deux Assistant(es) de Direction, cat\u00e9gorie A3 (Bac+2ans);<br>-Un Magasinier, cat\u00e9gorie A3;<br>-Un Maintenancier, cat\u00e9gorie A3;<br>-Un Assistant Technique de la Statistique (ATS), cat\u00e9gorie B2;<br>-Un Infirmier\/une Infirmi\u00e8re, cat\u00e9gorie B2;<br><a href=\"https:\/\/www.stat-niger.org\/wp-content\/uploads\/autres_publications\/avis_recrutement_11_agents.pdf\">T\u00e9l\u00e9charger l&rsquo;avis<\/a><\/p>\n\n\n\n<p>Le d\u00e9p\u00f4t des dossiers de candidature (pour les 11 agents en CDI) sera fait exclusivement sur la plateforme de recrutement en ligne \u00e0 travers l&rsquo;adresse <a href=\"https:\/\/www.recrutement.ins.ne\/\">www.recrutement.ins.ne<\/a> . Cette Plateforme sera activ\u00e9e le lundi 21 octobre 2024 \u00e0 9h00 et restera accessible jusqu&rsquo;au vendredi 25 octobre 2024 \u00e0 12h00.<br>Les candidats dont les dossiers seront retenus, subiront un test \u00e9crit dont la date sera pr\u00e9cis\u00e9e ult\u00e9rieurement.<\/p>\n\n\n\n<p>L&rsquo;Institut National de la Statistique (INS) lance un avis de recrutement de 8 agents d&rsquo;ex\u00e9cution :<br>-Un Planton;<br>-Quatre Chauffeurs;<br>-Trois Manoeuvres<br><a href=\"https:\/\/www.stat-niger.org\/wp-content\/uploads\/autres_publications\/avis_recrutement_8_agents_execution.pdf\">T\u00e9l\u00e9charger l&rsquo;avis<\/a><\/p>\n","protected":false},"excerpt":{"rendered":"<p>\u00a0Recrutements L&rsquo;Institut National de la Statistique (INS) lance un avis pour le&hellip;<\/p>\n","protected":false},"author":6,"featured_media":0,"parent":0,"menu_order":0,"comment_status":"closed","ping_status":"closed","template":"","meta":{"_uag_custom_page_level_css":"","footnotes":""},"class_list":["post-2360","page","type-page","status-publish","hentry"],"uagb_featured_image_src":{"full":false,"thumbnail":false,"medium":false,"medium_large":false,"large":false,"1536x1536":false,"2048x2048":false,"mini":false,"penci-single-full":false,"penci-slider-full-thumb":false,"penci-full-thumb":false,"penci-slider-thumb":false,"penci-magazine-slider":false,"penci-thumb":false,"penci-masonry-thumb":false,"penci-thumb-square":false,"penci-thumb-vertical":false,"penci-thumb-small":false},"uagb_author_info":{"display_name":"Abass Ali Tassiou","author_link":"https:\/\/www.stat-niger.org\/?author=6"},"uagb_comment_info":0,"uagb_excerpt":"\u00a0Recrutements L&rsquo;Institut National de la Statistique (INS) lance un avis pour le&hellip;","_links":{"self":[{"href":"https:\/\/www.stat-niger.org\/index.php?rest_route=\/wp\/v2\/pages\/2360","targetHints":{"allow":["GET"]}}],"collection":[{"href":"https:\/\/www.stat-niger.org\/index.php?rest_route=\/wp\/v2\/pages"}],"about":[{"href":"https:\/\/www.stat-niger.org\/index.php?rest_route=\/wp\/v2\/types\/page"}],"author":[{"embeddable":true,"href":"https:\/\/www.stat-niger.org\/index.php?rest_route=\/wp\/v2\/users\/6"}],"replies":[{"embeddable":true,"href":"https:\/\/www.stat-niger.org\/index.php?rest_route=%2Fwp%2Fv2%2Fcomments&post=2360"}],"version-history":[{"count":73,"href":"https:\/\/www.stat-niger.org\/index.php?rest_route=\/wp\/v2\/pages\/2360\/revisions"}],"predecessor-version":[{"id":4819,"href":"https:\/\/www.stat-niger.org\/index.php?rest_route=\/wp\/v2\/pages\/2360\/revisions\/4819"}],"wp:attachment":[{"href":"https:\/\/www.stat-niger.org\/index.php?rest_route=%2Fwp%2Fv2%2Fmedia&parent=2360"}],"curies":[{"name":"wp","href":"https:\/\/api.w.org\/{rel}","templated":true}]}}