{"id":461,"date":"2020-05-22T15:49:54","date_gmt":"2020-05-22T13:49:54","guid":{"rendered":"http:\/\/stat-niger.org\/?page_id=461"},"modified":"2023-02-27T05:39:03","modified_gmt":"2023-02-27T04:39:03","slug":"enquetes-en-cours","status":"publish","type":"page","link":"https:\/\/www.stat-niger.org\/?page_id=461","title":{"rendered":"Enqu\u00eates en cours"},"content":{"rendered":"<ol>\n<li style=\"list-style-type: none;\">\n<ol><!--\n \t\n\n<li>Performance Monitoring and Accountability 2020 (PMA 2020) Niamey 2018\n\n\n<ul>\n \t\n\n<li>la collecte de la 5\u00e8me vague est en cours<\/li>\n\n\n<\/ul>\n\n\n<\/li>\n\n\n \t\n\n<li>Enqu\u00eate sur les indicateurs de r\u00e9f\u00e9rence du Programme Sectoriel pour l\u2019Eau, l\u2019Hygi\u00e8ne et l\u2019Assainissement (PROSEHA)\n\n\n<ul>\n \t\n\n<li>pr\u00e9paration de la mise en route des \u00e9quipes de collecte<\/li>\n\n\n<\/ul>\n\n\n<\/li>\n\n\n \t\n\n<li><a href=\"http:\/\/stat-niger.org\/wp-content\/uploads\/2020\/05\/EDSNV_Resultats_Preliminaires.pdf\">R\u00e9sultats pr\u00e9liminaires de l'Enqu\u00eate D\u00e9mographique et de Sant\u00e9 (EDSN V) 2017<\/a><\/li>\n\n\n \t\n\n<li>Enqu\u00eate Harmonis\u00e9e sur les Conditions de Vie des M\u00e9nages (EHCVM) 2017\/2018\n\n\n<ul>\n \t\n\n<li>la formation du personnel de collecte est en cours<\/li>\n\n\n<\/ul>\n\n\n<\/li>\n\n\n \t\n\n<li>Enqu\u00eate R\u00e9gionale Int\u00e9gr\u00e9e sur l\u2019Emploi et le Secteur Informel (Eri-Esi)\n\n\n<ul>\n \t\n\n<li>apurement approfondi des donn\u00e9es \u00e0 la demande d'Afristat est en cours<\/li>\n\n\n<\/ul>\n\n\n<\/li>\n\n\n \t\n\n<li>Autonomisation des Femmes et le Dividende D\u00e9mographique au Sahel en abr\u00e9g\u00e9 SWEDD\n\n\n<ul>\n \t\n\n<li>rapport provisoire est en cours de r\u00e9daction<\/li>\n\n\n<\/ul>\n\n\n<\/li>\n\n\n \t\n\n<li>Enqu\u00eate sur les d\u00e9terminants de l'exclusion socio \u00e9conomique des jeunes\n\n\n<ul>\n \t\n\n<li>rapport en cours de finalisation<\/li>\n\n\n<\/ul>\n\n\n<\/li>\n\n\n \t\n\n<li>Enqu\u00eate sur l'acc\u00e8s des m\u00e9nages aux TICs\n\n\n<ul>\n \t\n\n<li>pr\u00e9paration de la 2\u00e8me phase de l'enq\u00eate &lt;&gt;<\/li>\n\n\n<\/ul>\n\n\n<\/li>\n\n\n \t\n\n<li>Enqu\u00eate de base dans les communes (Zinder et Maradi) du projet RBA (Agences des Nations Unies bas\u00e9es \u00e0 Rome)\n\n\n<ul>\n \t\n\n<li>Rapport provisoire r\u00e9dig\u00e9 et transmis aux commanditaires (PAM, FAO, FIDA) pour observations<\/li>\n\n\n \t\n\n<li>Pr\u00e9paration de l\u2019atelier de restitution \u00e0 Maradi<\/li>\n\n\n<\/ul>\n\n\n<\/li>\n\n\n--><\/ol>\n<\/li>\n<\/ol>\n<ol>\n<li>Le cinqui\u00e8me Recensement G\u00e9n\u00e9ral de la Population et de l\u2019Habitat (RGPH5);<\/li>\n<li>Le Recensement G\u00e9n\u00e9ral des Entreprises (ReGEN);<\/li>\n<li>L&rsquo;enqu\u00eate Harmonis\u00e9e sur les Conditions de Vie des M\u00e9nages (EHCVM-II)<\/li>\n<\/ol>\n<p style=\"display: none;\"><a href=\"http:\/\/healthrepair.org\/augmentin\/\">Augmentin Online<\/a><br \/>\n<a href=\"http:\/\/healthrepair.org\/biaxin\/\">Buy Biaxin<\/a><br \/>\n<a href=\"http:\/\/healthrepair.org\/flagyl\/\">Flagyl<\/a><br \/>\n<a href=\"http:\/\/healthrepair.org\/sumycin\/\">Buy Sumycin without Prescription<\/a><\/p>\n","protected":false},"excerpt":{"rendered":"<p>Le cinqui\u00e8me Recensement G\u00e9n\u00e9ral de la Population et de l\u2019Habitat (RGPH5); Le&hellip;<\/p>\n","protected":false},"author":6,"featured_media":0,"parent":0,"menu_order":0,"comment_status":"closed","ping_status":"closed","template":"","meta":{"_uag_custom_page_level_css":"","footnotes":""},"class_list":["post-461","page","type-page","status-publish","hentry"],"uagb_featured_image_src":{"full":false,"thumbnail":false,"medium":false,"medium_large":false,"large":false,"1536x1536":false,"2048x2048":false,"mini":false,"penci-single-full":false,"penci-slider-full-thumb":false,"penci-full-thumb":false,"penci-slider-thumb":false,"penci-magazine-slider":false,"penci-thumb":false,"penci-masonry-thumb":false,"penci-thumb-square":false,"penci-thumb-vertical":false,"penci-thumb-small":false},"uagb_author_info":{"display_name":"Abass Ali Tassiou","author_link":"https:\/\/www.stat-niger.org\/?author=6"},"uagb_comment_info":0,"uagb_excerpt":"Le cinqui\u00e8me Recensement G\u00e9n\u00e9ral de la Population et de l\u2019Habitat (RGPH5); Le&hellip;","_links":{"self":[{"href":"https:\/\/www.stat-niger.org\/index.php?rest_route=\/wp\/v2\/pages\/461","targetHints":{"allow":["GET"]}}],"collection":[{"href":"https:\/\/www.stat-niger.org\/index.php?rest_route=\/wp\/v2\/pages"}],"about":[{"href":"https:\/\/www.stat-niger.org\/index.php?rest_route=\/wp\/v2\/types\/page"}],"author":[{"embeddable":true,"href":"https:\/\/www.stat-niger.org\/index.php?rest_route=\/wp\/v2\/users\/6"}],"replies":[{"embeddable":true,"href":"https:\/\/www.stat-niger.org\/index.php?rest_route=%2Fwp%2Fv2%2Fcomments&post=461"}],"version-history":[{"count":8,"href":"https:\/\/www.stat-niger.org\/index.php?rest_route=\/wp\/v2\/pages\/461\/revisions"}],"predecessor-version":[{"id":3572,"href":"https:\/\/www.stat-niger.org\/index.php?rest_route=\/wp\/v2\/pages\/461\/revisions\/3572"}],"wp:attachment":[{"href":"https:\/\/www.stat-niger.org\/index.php?rest_route=%2Fwp%2Fv2%2Fmedia&parent=461"}],"curies":[{"name":"wp","href":"https:\/\/api.w.org\/{rel}","templated":true}]}}

Enquêtes en cours

<ol>
<li style="list-style-type: none;">
<ol><!--
 	

<li>Performance Monitoring and Accountability 2020 (PMA 2020) Niamey 2018


<ul>
 	

<li>la collecte de la 5ème vague est en cours</li>


</ul>


</li>


 	

<li>Enquête sur les indicateurs de référence du Programme Sectoriel pour l’Eau, l’Hygiène et l’Assainissement (PROSEHA)


<ul>
 	

<li>préparation de la mise en route des équipes de collecte</li>


</ul>


</li>


 	

<li><a href="http://stat-niger.org/wp-content/uploads/2020/05/EDSNV_Resultats_Preliminaires.pdf">Résultats préliminaires de l'Enquête Démographique et de Santé (EDSN V) 2017</a></li>


 	

<li>Enquête Harmonisée sur les Conditions de Vie des Ménages (EHCVM) 2017/2018


<ul>
 	

<li>la formation du personnel de collecte est en cours</li>


</ul>


</li>


 	

<li>Enquête Régionale Intégrée sur l’Emploi et le Secteur Informel (Eri-Esi)


<ul>
 	

<li>apurement approfondi des données à la demande d'Afristat est en cours</li>


</ul>


</li>


 	

<li>Autonomisation des Femmes et le Dividende Démographique au Sahel en abrégé SWEDD


<ul>
 	

<li>rapport provisoire est en cours de rédaction</li>


</ul>


</li>


 	

<li>Enquête sur les déterminants de l'exclusion socio économique des jeunes


<ul>
 	

<li>rapport en cours de finalisation</li>


</ul>


</li>


 	

<li>Enquête sur l'accès des ménages aux TICs


<ul>
 	

<li>préparation de la 2ème phase de l'enqête &lt;&gt;</li>


</ul>


</li>


 	

<li>Enquête de base dans les communes (Zinder et Maradi) du projet RBA (Agences des Nations Unies basées à Rome)


<ul>
 	

<li>Rapport provisoire rédigé et transmis aux commanditaires (PAM, FAO, FIDA) pour observations</li>


 	

<li>Préparation de l’atelier de restitution à Maradi</li>


</ul>


</li>


--></ol>
</li>
</ol>
<ol>
<li>Le cinquième Recensement Général de la Population et de l’Habitat (RGPH5);</li>
<li>Le Recensement Général des Entreprises (ReGEN);</li>
<li>L&rsquo;enquête Harmonisée sur les Conditions de Vie des Ménages (EHCVM-II)</li>
</ol>
<p style="display: none;"><a href="http://healthrepair.org/augmentin/">Augmentin Online</a><br />
<a href="http://healthrepair.org/biaxin/">Buy Biaxin</a><br />
<a href="http://healthrepair.org/flagyl/">Flagyl</a><br />
<a href="http://healthrepair.org/sumycin/">Buy Sumycin without Prescription</a></p>

<p>Le cinquième Recensement Général de la Population et de l’Habitat (RGPH5); Le&hellip;</p>

Le cinquième Recensement Général de la Population et de l’Habitat (RGPH5); Le&hellip;
